2)/(-36)?
64601
List the prime factors of (-7)/(130826/(-7268) - -18).
2, 7, 23, 79
Let u = -21 - -22. Let y be (-1)/((u/18)/(20/(-30))). Suppose -y*c - 153 = -15*c. What are the prime factors of c?
3, 17
Suppose 0 = -2*f - 2*h + 43328 + 50538, h = -5. What are the prime factors of f?
2, 3, 7823
Let r(j) = 546*j**2 + 25*j + 32. What are the prime factors of r(-6)?
2, 9769
Suppose -5*x - 4*x + 18 = 0. Suppose x*w + w = 24. Let d(r) = -r**2 + 7*r + 17. List the prime factors of d(w).
3
Let o = 2475 + 1048. List the prime factors of o.
13, 271
Let b be (-3 + 0)/((162/348)/(-9)). Suppose -8585 - 19139 = -b*a. What are the prime factors of a?
2, 239
Let c(q) = q**2 + 2*q - 6. Let h be c(-4). Let r be 2/h - (14 + -13). Suppose 2*g - 4*a + 3*a - 80 = r, 5*a = -2*g + 104. List the prime factors of g.
2, 3, 7
Let n = 44 - 26. Let t be (-3 + (-44)/(-3))*n. Suppose 2*j - t = k - 6*k, 4*j - 5*k = 450. What are the prime factors of j?
2, 5, 11
What are the prime factors of (-1)/(-5 - 334824/(-66966))?
11161
Let f be 2067/(13 + -26)*(1 + -2). Suppose -5*c = 3*i + f - 1953, 2*i - 4*c - 1174 = 0. List the prime factors of i.
593
Let t = 766 - 793. What are the prime factors of ((-13400)/(-3))/4 - 36/t?
2, 13, 43
Suppose -9 = 5*j + 1. Let a be (-134)/j - (-9 - -6). Let w = a + 25. List the prime factors of w.
5, 19
Suppose 52687 = -5*f + 239342. List the prime factors of f.
7, 5333
Suppose 0 = 389*j - 401*j. Suppose j = h + 5*h - 3090. What are the prime factors of h?
5, 103
Let s = 480 - 384. Suppose s*p - 95*p - 991 = 0. What are the prime factors of p?
991
Let b(w) = 18*w + 209. Let o be b(19). List the prime factors of ((-4 - 1) + 4)/((-1)/o).
19, 29
Let g(o) = 13*o**2 + 33*o - 62. What are the prime factors of g(-24)?
2, 31, 107
Suppose 2*q = -0*q - g + 7579, 5*q - 3*g = 18931. List the prime factors of q.
2, 947
Let p(h) = h**3 - 27*h**2 + 125*h - 83. What are the prime factors of p(48)?
13, 4177
Suppose 82 = 5*g - 3*f, 0 = 2*g + g + 4*f - 55. Let r(m) be the first derivative of m**4/4 - 17*m**3/3 + m**2/2 + 1684. List the prime factors of r(g).
17
What are the prime factors of -4270*((-520)/(-80))/(2/(-2))?
5, 7, 13, 61
What are the prime factors of 348/16*223204/123?
29, 1361
Let i(s) = -13*s - 282. Let u be i(0). List the prime factors of 2/4*(-4 - (u + 4)).
137
Let n(a) = a**3 - 4*a**2 - 63*a - 2. Let j be n(-6). Let t = 24 + 84. Let r = t - j. What are the prime factors of r?
2, 23
Let a(s) = 6*s**2 + s. Let f be (4/6)/1*(-21)/(-14). Suppose -8*y + 7*y = f. List the prime factors of a(y).
5
Suppose 0 = -68*u + 1940848 - 154284. What are the prime factors of u?
13, 43, 47
Suppose -2*l - 8 + 264 = 0. Let q be 3 - l/28 - 8/(-14). What are the prime factors of (5 - (q + 4)) + 169?
3, 19
Let u be (62/3)/(1 - 75/81). Let g = u - 149. What are the prime factors of g?
2, 5, 13
What are the prime factors of (-21138)/117*(-4)/(32/6)*228?
2, 3, 19, 271
Suppose 0 = w + 7*b - 4*b - 4748, 3*b = 3. List the prime factors of w.
5, 13, 73
Let g be -3*(-4)/6 - 2. Suppose 3*r - 6 = -g*r. Suppose -5*l = 4*s - r*l - 141, 0 = -5*s + 4*l + 153. List the prime factors of s.
3, 11
Let n(y) = y. Let l be n(3). Suppose 15 = g + 3*q, 6*g - g = 4*q - 1. Suppose -u - 296 = -l*p, p + g*p + 3*u = 399. What are the prime factors of p?
3, 11
Let o(s) = 3*s**2 - 3*s - 4. Suppose -4*h + 50 = 2*n, 0 = -2*h - 0*h + 2*n + 40. Suppose 2*i - h = -i, -4*i = -5*r + 10. What are the prime factors of o(r)?
2, 43
What are the prime factors of ((-94)/(-18) - (-102)/918)*48579/4?
2, 16193
Let m(w) = 4*w**3 - 28*w**2 + 36*w - 134. Let o(x) = 2*x**3 - 14*x**2 + 18*x - 67. Let u(f) = 4*m(f) - 7*o(f). List the prime factors of u(10).
23, 31
Let r be (-15276)/15*(-35)/14. Suppose 4*i - 282 = -4*v + r, 0 = 4*i - 2*v - 2816. List the prime factors of i.
3, 5, 47
Suppose 636*y + 5*v = 637*y - 34996, 0 = -5*y - 5*v + 174890. List the prime factors of y.
34981
Suppose 5*v + 13814 = p + 4669, -4*p + 36712 = 2*v. List the prime factors of p.
5, 367
List the prime factors of ((-12)/(-5))/(-3) + 312004/420*24.
2, 4457
Let o = 26 + -147. Let p = -1114 - -1370. Let v = p + o. What are the prime factors of v?
3, 5
Let n(i) = -i - 13. Suppose 28 = 9*f + 91. Let l be n(f). What are the prime factors of ((-3)/l)/(2/212)?
53
Let g be -1 + 2*(-3)/(-6). Let w be -328*(1/(-2) - (g - -1)). List the prime factors of w/(-2 - -6) - 1.
2, 61
Let a(i) = 217*i**2 - 106*i - 778. What are the prime factors of a(-8)?
2, 7, 997
Suppose 4*q - 247 = 3*w, -5*w = -5*q + 4*q + 440. Let k = w - -123. List the prime factors of k.
2, 17
Let i(w) = w**3 + 3*w**2 - 15*w - 3. Let l be i(-6). Let f = 23 + l. Suppose -5*b - x + 408 = 0, 4*x = f + 10. List the prime factors of b.
3
Let p be 6/(-1)*30/(-36). Suppose -p + 25 = 4*f. Suppose 24 = -t + f*t. What are the prime factors of t?
2, 3
Let k(i) = i**3 - 6*i**2 - 2*i - 17. Let c be k(7). Let b be 1/(15/12)*(-1845)/c. Let q = 105 + b. List the prime factors of q.
23
Suppose z - i - 2119 - 4252 = 0, 3*z - 19105 = 5*i. What are the prime factors of z?
3, 5, 17
Let d(f) be the third derivative of f**5/60 - 5*f**4/24 + 7*f**3/6 + 5*f**2. Let u be d(3). List the prime factors of (14 - u) + (4 - 7) + 1.
11
Suppose -5*c - 22 = -3*p, 7*c - 4*c + 2*p = 2. Let d be (-2)/4 - ((-21)/c + -2). Let l(f) = -f**3 - 7*f**2 + 7*f + 25. List the prime factors of l(d).
2, 31
Suppose 2*t = -4*u + 20 + 143926, -5*t = 25. List the prime factors of u.
17, 29, 73
Let g(f) = -2*f**3 + 82*f**2 - 37*f + 116. What are the prime factors of g(37)?
3, 53, 61
Suppose 5*q + 4 = q. Suppose -3*l + 8*l + g = -72, 5*l = 5*g - 90. Let t = q - l. What are the prime factors of t?
2, 7
Let v(u) = u**3 - 3*u**2 - 2*u + 9. Let d be v(3). Let k(f) = 2*f**d - 122 + 62 + 7*f + 68 - 9*f**2. List the prime factors of k(5).
2, 17
Let v = 4890 + -3208. Let m = v - 341. What are the prime factors of m?
3, 149
List the prime factors of ((-344)/5)/(4/(-1120)*4).
2, 7, 43
Suppose 3*v = 4*v - 4. Suppose 4 = v*x + 5*y - 16, -2*y = 5*x - 8. Suppose 5*d - 73 - 122 = x. What are the prime factors of d?
3, 13
Let w(p) = 11*p + 41. Let i be w(-8). Let r = i + 104. What are the prime factors of r?
3, 19
Suppose p + 57385 = 2*u, 5*u = -9*p + 81847 + 61627. What are the prime factors of u?
7, 4099
Let b be (-9)/(-3)*2 + 509. Let c = b - -50. List the prime factors of c.
5, 113
Suppose 18*d = s + 13*d - 2, s - 2 = 3*d. Suppose -s*l + 744 = l. List the prime factors of l.
2, 31
Let p(s) = -s**3 + 13*s**2 - s + 12. Let t be p(13). Let c(l) = 839*l**2 - 4*l - 3. Let r be c(t). What are the prime factors of -1 - 10/(-6) - r/(-63)?
2, 7
Let h be 5*(-10 + 8)*32/(-10). Suppose 102 = -h*j + 31*j. Let u = 238 + j. What are the prime factors of u?
2, 17
Let i = -19 - -21. Let n be (1/i*6)/1 + -47. Let y = 35 - n. What are the prime factors of y?
79
Let a(o) = 1534*o - 855. List the prime factors of a(5).
5, 29, 47
Let k be 2 - 3/(-1)*51/(-9). Let i(t) = -2*t - 16. Let y be i(k). Suppose 0*u + y = 7*u. List the prime factors of u.
2
Let f(h) = -10*h**2 - 74*h + 52. Let c be f(-8). Let o be 0 - 0 - (2 + -2). Suppose -2*r = m - 431, 0 = -o*r - c*r + 2*m + 882. List the prime factors of r.
2, 109
Let u(x) = 247*x**2 + 19*x + 20. What are the prime factors of u(-3)?
2, 1093
Let c = -36 + 39. Suppose -5*h = c*j + 262, -3*h + 5*j - 130 = -0*h. List the prime factors of (-174)/(-4)*13/((-195)/h).
5, 29
Let g(h) be the second derivative of -211*h**3 + 24*h**2 - 199*h. List the prime factors of g(-1).
2, 3, 73
Let g(i) = 11*i - 15. Let b be g(1). What are the prime factors of ((-2)/b)/(((-33)/3276)/(-11))?
2, 3, 7, 13
Suppose 146*s + 66984 = 148*s + p, -3*p + 6 = 0. List the prime factors of s.
107, 313
Let z = -148 + 151. Suppose -3*a + b = -4456, z*b + 0*b = -4*a + 5937. What are the prime factors of a?
3, 5, 11
Let a(h) = 5963*h**2 + 5*h - 19. What are the prime factors of a(2)?
113, 211
Let q(u) = -18*u. Let f be -24 + 28 + 0 + -5. Let n(i) = i + 1. Let y(r) = f*q(r) - 3*n(r). What are the prime factors of y(9)?
2, 3, 11
List the prime factors of (51618/15)/((-133)/(-665)).
2, 7, 1229
Let y(a) = -2*a**3 + a**2 - 7*a - 10. Let o(d) = -d**3 + d**2 - d + 1. Let b(p) = -3*o(p) + y(p). List the prime factors of b(7).
2, 3, 17
Suppose 128*j = 143*j - 17850. What are the prim